 9.
-2
Convert 20 (base 7) to base 5.
24
Convert 243 (base 7) to base 6.
333
What is -435 (base 8) in base 16?
-11d
What is -3 (base 4) in base 7?
-3
What is -1321 (base 4) in base 3?
-11111
What is 145 (base 7) in base 16?
52
-65 (base 12) to base 4
-1031
Convert 79 (base 12) to base 9.
113
-14 (base 10) to base 5
-24
What is -3 (base 11) in base 3?
-10
What is -10 (base 2) in base 8?
-2
-96 (base 15) to base 10
-141
211 (base 4) to base 11
34
-1201 (base 3) to base 2
-101110
Convert -10002 (base 3) to base 13.
-65
Convert -b (base 15) to base 4.
-23
Convert -8a (base 16) to base 2.
-10001010
Convert 2 (base 5) to base 12.
2
Convert -74 (base 8) to base 2.
-111100
What is -c6 (base 15) in base 8?
-272
155 (base 6) to base 5
241
What is -20 (base 10) in base 3?
-202
What is 2 (base 11) in base 4?
2
What is 21 (base 16) in base 12?
29
Convert -115 (base 13) to base 4.
-2323
What is a1 (base 11) in base 12?
93
What is 44 (base 7) in base 10?
32
Convert 11 (base 6) to base 12.
7
Convert -11 (base 5) to base 2.
-110
-2 (base 9) to base 3
-2
Convert 2122 (base 3) to base 6.
155
What is 4 (base 14) in base 15?
4
10010011 (base 2) to base 15
9c
What is 22112 (base 3) in base 8?
346
What is 1301 (base 4) in base 5?
423
Convert 10 (base 4) to base 14.
4
23 (base 8) to base 16
13
What is -11b (base 12) in base 6?
-435
Convert -a (base 14) to base 11.
-a
What is -11111 (base 3) in base 9?
-144
Convert -49 (base 14) to base 10.
-65
What is 204 (base 5) in base 14?
3c
-11 (base 9) to base 15
-a
5 (base 15) to base 13
5
What is -1 (base 13) in base 10?
-1
18 (base 9) to base 6
25
-82 (base 12) to base 7
-200
3 (base 8) to base 5
3
What is -20 (base 3) in base 4?
-12
Convert 10 (base 10) to base 12.
a
220 (base 3) to base 7
33
Convert -8 (base 12) to base 15.
-8
What is -18 (base 14) in base 3?
-211
What is 1c (base 14) in base 12?
22
-2 (base 16) to base 12
-2
-41 (base 16) to base 10
-65
13 (base 6) to base 11
9
-123 (base 4) to base 14
-1d
What is 50 (base 15) in base 11?
69
-133 (base 6) to base 10
-57
Convert -101 (base 4) to base 16.
-11
Convert -7 (base 16) to base 5.
-12
-10 (base 4) to base 5
-4
-4 (base 10) to base 12
-4
What is -30 (base 4) in base 3?
-110
What is -2102 (base 4) in base 3?
-12102
-1 (base 4) to base 14
-1
What is -31 (base 14) in base 11?
-3a
What is -32 (base 4) in base 11?
-13
Convert -9 (base 16) to base 10.
-9
What is 22 (base 9) in base 11?
19
What is -74 (base 10) in base 3?
-2202
What is 1 (base 5) in base 12?
1
104 (base 8) to base 6
152
What is -36 (base 7) in base 14?
-1d
What is -5 (base 7) in base 15?
-5
What is -2001 (base 6) in base 15?
-1dd
Convert -a (base 14) to base 11.
-a
Convert -2a (base 13) to base 16.
-24
What is -a (base 14) in base 11?
-a
23 (base 6) to base 4
33
Convert 1 (base 16) to base 14.
1
3 (base 13) to base 6
3
1030 (base 4) to base 8
114
a (base 14) to base 12
a
What is 30 (base 7) in base 6?
33
Convert 20 (base 5) to base 11.
a
256 (base 11) to base 10
303
-21 (base 3) to base 6
-11
Convert 332 (base 5) to base 12.
78
10 (base 11) to base 15
b
What is -2 (base 14) in base 16?
-2
10 (base 12) to base 4
30
Convert 369 (base 10) to base 7.
1035
1c (base 13) to base 5
100
42 (base 7) to base 11
28
Convert -5 (base 10) to base 4.
-11
Convert -1 (base 10) to base 8.
-1
Convert 17 (base 12) to base 3.
201
What is 0 (base 11) in base 5?
0
Convert -4 (base 13) to base 16.
-4
3 (base 9) to base 4
3
Convert -19 (base 11) to base 15.
-15
Convert 1 (base 7) to base 8.
1
21 (base 10) to base 15
16
What is 7 (base 11) in base 14?
7
What is -1 (base 8) in base 11?
-1
-11 (base 10) to base 12
-b
What is -3 (base 11) in base 4?
-3
What is 333 (base 5) in base 4?
1131
-11000100 (base 2) to base 11
-169
1a (base 15) to base 3
221
Convert 46 (base 11) to base 3.
1212
102 (base 5) to base 3
1000
Convert -21 (base 13) to base 5.
-102
25 (base 8) to base 7
30
What is -2 (base 12) in base 11?
-2
-22 (base 3) to base 10
-8
3 (base 16) to base 15
3
Convert -14 (base 5) to base 4.
-21
What is -31 (base 8) in base 15?
-1a
-112 (base 3) to base 11
-13
What is 0 (base 8) in base 16?
0
8 (base 10) to base 14
8
-10 (base 2) to base 4
-2
13 (base 9) to base 6
20
What is 23 (base 12) in base 14?
1d
What is 10 (base 2) in base 11?
2
24 (base 6) to base 7
22
Convert 126 (base 10) to base 15.
86
Convert -1 (base 2) to base 15.
-1
Convert 1002 (base 3) to base 14.
21
Convert -1 (base 11) to base 14.
-1
What is 225 (base 7) in base 12?
99
Convert -72 (base 8) to base 14.
-42
What is -101 (base 2) in base 4?
-11
What is -1 (base 11) in base 8?
-1
1313 (base 4) to base 12
9b
What is -23 (base 6) in base 4?
-33
38 (base 14) to base 13
3b
-11 (base 4) to base 13
-5
Convert 145 (base 13) to base 7.
442
Convert -18 (base 16) to base 7.
-33
Convert 5c (base 14) to base 11.
75
Convert -16 (base 8) to base 16.
-e
Convert 16b (base 12) to base 2.
11100011
5 (base 8) to base 12
5
-14 (base 5) to base 3
-100
Convert 21 (base 16) to base 2.
100001
143 (base 5) to base 14
36
What is 11112 (base 3) in base 9?
145
-3 (base 6) to base 14
-3
What is 4 (base 7) in base 2?
100
-20 (base 12) to base 10
-24
What is -43 (base 7) in base 2?
-11111
What is -252 (base 6) in base 3?
-10212
What is -2 (base 6) in base 15?
-2
Convert -49 (base 11) to base 8.
-65
What is 1a (base 11) in base 5?
41
What is 58 (base 10) in base 7?
112
3c (base 14) to base 10
54
Convert -4 (base 13) to base 5.
-4
Convert 75 (base 12) to base 16.
59
What is -200 (base 4) in base 10?
-32
What is 4 (base 6) in base 5?
4
73 (base 10) to base 12
61
What is -5 (base 10) in base 12?
-5
What is -11 (base 4) in base 14?
-5
Convert -11 (base 6) to base 7.
-10
What is 301 (base 4) in base 9?
54
What is 10101110 (base 2) in base 16?
ae
1 (base 9) to base 14
1
What is -7 (base 13) in base 2?
-111
10 (base 8) to base 16
8
2331 (base 4) to base 15
c9
What is -8c (base 13) in base 2?
-1110100
51 (base 13) to base 12
56
Convert 212 (base 6) to base 10.
80
What is 1 (base 16) in base 4?
1
3 (base 14) to base 11
3
Convert 302 (base 7) to base 5.
1044
Convert -4 (base 8) to base 14.
-4
What is -130 (base 5) in base 9?
-44
2 (base 14) to base 12
2
Convert -51 (base 6) to base 8.
-37
Convert 81 (base 11) to base 16.
59
What is 100010 (base 2) in base 7?
46
What is 57 (base 12) in base 4?
1003
-120 (base 3) to base 9
-16
-44 (base 5) to base 7
-33
What is -3 (base 10) in base 6?
-3
What is -17 (base 9) in base 15?
-11
-10 (base 11) to base 15
-b
Convert 4 (base 15) to base 7.
4
Convert 2 (base 8) to base 6.
2
-202 (base 11) to base 8
-364
10011 (base 2) to base 8
23
Convert -21 (base 3) to base 14.
-7
What is 3 (base 16) in base 10?
3
Convert -543 (base 6) to base 10.
-207
What is 1 (base 15) in base 4?
1
5 (base 14) to base 6
5
-3e (base 15) to base 13
-47
What is -18 (base 9) in base 10?
-17
What is -17 (base 12) in base 15?
-14
Convert a (base 11) to base 15.
a
Convert 133 (base 4) to base 12.
27
a (base 16) to base 7
13
What is -68 (base 12) in base 5?
-310
What is -2a (base 11) in base 9?
-35
-20 (base 8) to base 9
-17
What is 4 (base 10) in base 2?
100
Convert 2 (base 5) to base 10.
2
What is 206 (base 9) in base 5?
1133
Convert 187 (base 13) to base 15.
13a
1a7 (base 14) to base 3
110201
What is -1e (base 16) in base 11?
-28
Convert -9 (base 11) to base 9.
-10
0 (base 12) to base 9
0
Convert 3 (base 11) to base 2.
11
Convert -11001 (base 3) to base 4.
-1231
Convert -30 (base 7) to base 8.
-25
Convert 3 (base 7) to base 10.
3
What is -110 (base 4) in base 14?
-16
41 (base 12) to base 6
121
What is -212 (base 4) in base 7?
-53
-37 (base 12) to base 3
-1121
Convert 7 (base 9) to base 5.
12
What is -1 (base 6) in base 2?
-1
What is -56 (base 11) in base 8?
-75
Convert -1 (base 6) to base 3.
-1
What is -65 (base 16) in base 7?
-203
5 (base 6) to base 11
5
a4 (base 13) to base 15
8e
What is -102 (base 7) in base 13?
-3c
-102 (base 3) to base 10
-11
-100 (base 15) to base 5
-1400
Convert -9 (base 13) to base 2.
-1001
-30 (base 4) to base 3
-110
What is 16 (base 10) in base 2?
10000
What is 46 (base 9) in base 10?
42
What is -6 (base 8) in base 4?
-12
What is 20 (base 3) in base 6?
10
234 (base 7) to base 14
8b
Convert 1 (base 12) to base 6.
1
11 (base 16) to base 9
18
-4 (base 10) to base 13
-4
Conver